 + 5*f**2/2 - 5*f - 49. Let u(d) = 2*d**2 - 12*d + 11. Let t(c) = -2*u(c) - 5*w(c). Determine t(0).
3
Let a(j) be the second derivative of -j**5/20 - 5*j**4/12 - j**3/6 + 3*j**2 - 17*j. Let z(n) = -n**2 + 6*n - 5. Let x be z(0). Calculate a(x).
11
Let x(i) = 3*i + 28 - 4*i - 6. Let v be x(22). Let q(w) be the first derivative of -w**2/2 - 4*w + 1. Give q(v).
-4
Let j be 104/(-12) - ((-16)/3)/8. Let q(p) = p**3 + 7*p**2 - 11*p - 7. Calculate q(j).
17
Let i = 2159 + -2158. Suppose -2 = -r + n - 3*n, -5*n = -4*r + 34. Let h(g) = -r*g**2 - 1 + 2 + 4*g**2 - 2*g. Calculate h(i).
-3
Let w(u) = u**2 - 4*u. Let x(v) = -v**2. Let h(c) = 7*c**2 + 11*c + 6. Let k(f) = -h(f) - 5*x(f). Let t be k(-4). Let n be 156/36 - 2/t. What is w(n)?
0
Let v(y) be the first derivative of y**4/24 - y**3/2 + 12*y**2 - 22. Let t(b) be the second derivative of v(b). What is t(3)?
0
Suppose -5*a = -2*c + 40, -306*a + 2*c = -309*a - 8. Let o(l) = l - 13. Determine o(a).
-19
Let c(m) = m - 1. Suppose 10*y - 13*y - 339 = 0. Let r = y - -117. Determine c(r).
3
Let a(o) be the third derivative of -o**6/120 - o**5/12 - 5*o**4/24 + 2*o**2. Suppose -7*t - 29 = -1. What is a(t)?
4
Let f(d) = -2*d**3 + 3*d**2 - d - 1. Let t be f(1). Let c(i) = i**2 + 3*i + 1. Calculate c(t).
-1
Suppose -4*p - 2*k + 4 = 0, -p + 2 = p - 2*k. Let n(s) = 32 - 14*s + 30 + 29 - 129 + 37. What is n(p)?
-15
Let f(c) be the first derivative of -c**2/2 - c + 2. Let j(l) = 3*l**2 - 78*l - 3. Let k be j(26). Calculate f(k).
2
Let v(c) be the third derivative of 10*c**2 + 0*c + 1/20*c**5 + 1/120*c**6 - 1/6*c**3 + 0 + 0*c**4. Let s = 3 - 4. Calculate v(s).
1
Suppose -2*y + 4 = -6. Let j(m) = -m - 1. Let r(l) = -2*l - 1. Let n(q) = -5*j(q) + 2*r(q). Determine n(y).
8
Let b(w) = w**3 + 4*w**2 + 8*w - 1. Let q(t) = 2*t**3 + 8*t**2 + 15*t - 1. Let x be (-46)/(-8) - (-7)/28. Let y(l) = x*q(l) - 11*b(l). Determine y(-4).
-3
Let n(o) = -2*o + 7. Let v(c) = -5*c + 1. Let y be v(-1). Let g(m) = -m**2 + 10*m - 19. Let f be g(y). Give n(f).
-3
Let b(h) = 32*h - 348. Let c be b(11). Let g(x) be the first derivative of 6*x + 1/2*x**2 + c. Determine g(0).
6
Let f = -2 - -8. Suppose 2 = -m - f. Let o(y) = -6 - y**2 + 7*y + 0*y**2 - 17*y - 6. Give o(m).
4
Let z be 3 - ((-5)/35 - (-85)/7). Let t(i) = -2*i - 9. Give t(z).
9
Let q be 468/27 - 4 - 11. Let j(o) be the first derivative of q*o**3 - 1/4*o**4 - 7 - 2*o - 5/2*o**2. Determine j(6).
4
Let w(j) = 4 + 50*j - 3*j**3 + 4*j**3 - 7*j**2 - 58*j. Let t be w(8). Let q(l) = 8*l - 13*l + 13 - 8. Calculate q(t).
-15
Let b be 100*((-4)/(-22) + 72/330). Let l(i) = -b*i**2 + 82*i**2 + i - 49*i**2. Calculate l(-1).
-8
Let u(l) be the second derivative of -5*l**3/2 + 3*l - 48. Let k = -1 - 0. Calculate u(k).
15
Suppose 0 = -5*b + 5. Let i(r) = -27*r + 25*r - 3*r**2 - 18*r**2 + 1. Determine i(b).
-22
Let i(c) = -c**2 + 11. Let p = -12 + 16. Let k = p + -13. Let u(t) = -4*t**2 + 45. Let s(d) = k*i(d) + 2*u(d). Give s(0).
-9
Suppose -3*p + 5 = 5*f, 2*f - p + 1 = 3*f. Let q(t) = 4*t**2 + 0*t**2 + 1 + t**2 - 2*t - 3*t**2 - 8*t**3. Determine q(f).
-7
Let n be 7 + (20/(-2) - 1). Let l(m) = -7*m + 2*m + 0 - 2. What is l(n)?
18
Let g be 0 - (-24)/20*(-30)/(-12). Let y(v) be the third derivative of -5*v**2 + 1/6*v**4 + 0 + 0*v + 0*v**g - 1/60*v**5. Determine y(2).
4
Let d(b) be the second derivative of -b**3/6 - 21*b**2/2 + 2*b + 152. Give d(-12).
-9
Let i(s) = s**2 - 22*s + 5. Let l be i(21). Let j(x) = -x**3 - 15*x**2 + 17*x + 5. Calculate j(l).
-11
Let d(y) = y**3 + 9*y**2 - 11*y - 16. Suppose 0 = 3*n + 2*b + 32, 104*n - 103*n = -5*b - 15. What is d(n)?
-6
Let f(v) = -6*v + 2. Let g(d) = -8*d + 2. Let k(i) = 3*f(i) - 2*g(i). Let l be (-9)/(-36) + (-58)/8. Let q = l + 3. Calculate k(q).
10
Let l(r) = -16*r**2 - 6 - 9*r + 8*r**2 - r**3 + 5*r - 5*r. What is l(-7)?
8
Suppose 0 = -4*u - 2*m, 2*m + 5 - 1 = 0. Let z(x) = 3*x**2 - x. Calculate z(u).
2
Let v = 24 + -19. Let q be (3 - v) + (-15 - -2). Let s be q*5/(-30)*-2. Let g(n) = -2*n + 2. Determine g(s).
12
Let s(q) = 3 - 1 - 4*q + 2*q + q. Let w(k) = 3*k - 9. Let a be w(4). What is s(a)?
-1
Let n(d) = 1 + 8 + 4*d + 6 - 14 + 9. What is n(7)?
38
Let o(z) = -z**3 + 3*z**2 + 5*z + 2. Let b be o(4). Suppose b*g - 6 = 3*g. Let q(h) = 4*h - 2*h - g - 3*h - 2. What is q(5)?
-9
Let f(c) be the first derivative of -c**3/3 + 9*c**2/2 + 4*c + 29. Give f(8).
12
Let i = 4 + -2. Suppose d + 1 = -i. Let m(u) = u**2 + 2*u + 2. Determine m(d).
5
Let a(d) = 3*d + 15*d - 5 - 2. Suppose -681*t + 677*t + 32 = 0. Let f(n) = 27*n - 11. Let k(b) = t*a(b) - 5*f(b). What is k(-1)?
-10
Suppose 5*t + 32 = 37. Let u(x) be the third derivative of x**4/24 - x**2. Let o(p) = 5*p + 2. Let c(w) = t*o(w) - 4*u(w). Determine c(0).
2
Suppose -4*j + 3*j = -3. Let m(f) = -f**j + 5*f + 2 - 6*f**2 + f + f + f. Let a be m(-7). Let p(b) = b**3 + 6*b**2 + 4*b - 3. What is p(a)?
2
Suppose -7*b = -2*b - 15. Suppose 6*q - b*c = 2*q + 14, -3*q - 4*c + 23 = 0. Suppose -q*d = -17 - 3. Let n(a) = -a**3 + 5*a**2 - 5*a. Give n(d).
-4
Let u(s) be the second derivative of s**3/6 - 3*s**2 + s. Let x be u(7). Let v(l) = -l + 2*l + 0 - x. Give v(4).
3
Let d(i) = -i**2 + 3*i + 1. Let g be d(3). Suppose -2*k = 2*k - 12, 2*v - 4*k + 8 = 0. Let z(c) = c - g - 4*c + v*c - 2*c. Give z(3).
-10
Suppose -7*w + 40 = -12*w. Suppose -a + 15 = -2*t, 4*a - 7*t + 2*t - 57 = 0. Let r = w + a. Let b(n) = -n**2 + 4*n + 1. Calculate b(r).
-4
Suppose 0 = 2*r - 5 + 1. Suppose -3*p = -c + 7, -12 = -r*c + p + 3*p. Let y(x) = x - c*x**2 + 3 - 2*x**2 + 5*x**2 + x**3. Determine y(0).
3
Let t(k) = k**3 + 3*k**2 - 8*k - 4. Suppose 4*l - 185 = -9. Suppose 2*g + 5 = -3*y, -9 = -2*y + 5*g - l. Give t(y).
-14
Suppose 4*u + 4*h + 68 = 0, -78 = 5*u - 3*h + h. Let c be (-24)/(-5) - u/(-20). Let j = 5 - c. Let y(x) = 4*x + 1. Calculate y(j).
5
Let t(c) be the third derivative of -c**4/24 + 12*c**2. What is t(3)?
-3
Let p(k) = -3*k + 3*k + 7 + 2*k. Calculate p(6).
19
Let f(t) = -t**3 + 7*t**2 - 6*t + 1. Let s = 12 - 12. Suppose s = v - 12 + 6. Determine f(v).
1
Suppose -2*v - 15 = 5*j, 3*v - 2 + 14 = 3*j. Let o = j - 0. Let x(n) be the second derivative of 3*n**5/20 - n**4/12 - n**3/6 - 13*n. What is x(o)?
-3
Let r(c) = 2*c. Let j(m) be the second derivative of -m**3/6 - 5*m**2/2 + 3*m. Let t be j(-10). Calculate r(t).
10
Let m(r) = 2*r**2 + 5*r + 3. Suppose 2*d = 5*g + 1, 3*g = 3*d + d - 9. Let z(o) = -o**3 - 5*o**2 - 4*o. Let c be z(-3). Let k = d + c. What is m(k)?
6
Let p be 4/(-10) + (-6)/(-15). Let m(t) be the second derivative of -t**4/12 - t**3/3 - t**2 - 9*t - 12. Give m(p).
-2
Let z(o) = 4*o**2 - 2 - 6*o - 5*o**2 - 2 - 1. Calculate z(-4).
3
Let w(a) be the third derivative of -a**6/360 - a**5/120 + a**4/24 + 11*a**3/6 + 9*a**2. Let o(d) be the first derivative of w(d). What is o(0)?
1
Let i(c) = -9*c**3 + 30*c**2 - 83*c - 7. Let t(f) = 5*f**3 - 16*f**2 + 45*f + 4. Let a(g) = 6*i(g) + 11*t(g). Let j = 4 - 8. Give a(j).
14
Let o(l) = l - 22. Let j = -2014 - -2031. What is o(j)?
-5
Let c(i) be the third derivative of i**6/120 - 7*i**5/20 + 10*i**3/3 - 802*i**2. What is c(21)?
20
Let v(o) be the first derivative of -o**3/3 + 4*o**2 - 5*o - 227. Determine v(9).
-14
Let v(m) = 1080 + 0*m + 2*m - 4*m - 1074 + 5*m**2 + m**3. Calculate v(-6).
-18
Let t(u) = u**2 + 3*u - 8. Let k = -37 + 33. Let b be t(k). Let v(f) = f**2 + 5*f + 2. What is v(b)?
-2
Let i be ((-2)/(-3))/(12/450). Let c = i + -25. Suppose 0*v - 4*v - 20 = c. Let n(h) = h**3 + 6*h**2 + 6*h + 2. What is n(v)?
-3
Suppose 101 = -2*i - 139. Let o = i - -119. Let y(g) be the first derivative of -2*g**3/3 - g**2/2 - 1. Calculate y(o).
-1
Let n be 3*(16/12)/(-4). Let r(v) = 20*v. Determine r(n).
-20
Let q(z) = -z**3 - 4*z**2 - 6*z - 6. Suppose -6 - 2 = 2*p + 4*v, -4*p - 16 = 3*v. Determine q(p).
18
Let k(o) = -12*o + 14. Let p(g) = -6*g + 8. Let r(h) = 4*k(h) - 7*p(h). Calculate r(-2).
12
Let h(w) = -w - 6. Let b(r) = -7*r - 78. Let y be b(-10). Determine h(y).
2
Let s(p) be the first derivative of 4*p**3/3 + 10*p - 358. Give s(0).
10
Let a(u) = 10*u - 38*u + 8*u - 3 + 5*u + 9*u. What is a(-2)?
9
Let h(j) = j - 7 + 2*j + 1 + 16. Let k be h(10). Let o(t) = k*t**2 - 20*t**2 - 4 - 21*t**2 + 4*t. Determine o(3).
-1
Suppose -10*b = 60 - 40. Let w(z) = -7*z + 8. Determine w(b).
22
Suppose 